{"id":44517,"date":"2026-02-07T08:22:57","date_gmt":"2026-02-07T08:22:57","guid":{"rendered":"https:\/\/app.ediara.com\/?page_id=44517"},"modified":"2026-02-16T19:51:20","modified_gmt":"2026-02-16T19:51:20","slug":"reset-password","status":"publish","type":"page","link":"https:\/\/app.ediara.com\/?page_id=44517","title":{"rendered":"Reset Password"},"content":{"rendered":"\n<div style=\"max-width: 700px; margin: 80px auto; padding: 50px 30px; text-align: center; font-family: Arial, Helvetica, sans-serif; background: #f4f7ff; border-radius: 18px; box-shadow: 0 25px 70px rgba(0,0,0,0.12);\">\n\n  <!-- T\u00cdTULO -->\n  <h1 style=\"font-size: 34px; font-weight: 700; color: #1e3a8a; margin-bottom: 25px;\">\n    \u00bfHas olvidado tu contrase\u00f1a?\n  <\/h1>\n\n  <!-- TEXTO PRINCIPAL -->\n  <p style=\"font-size: 19px; color: #374151; margin-bottom: 20px;\">\n    No te preocupes.\n  <\/p>\n\n  <p style=\"font-size: 17px; color: #4b5563; line-height: 1.7; margin-bottom: 25px;\">\n    Sigue los pasos que encontrar\u00e1s m\u00e1s abajo para cambiar tu contrase\u00f1a y recuperar el acceso a tu cuenta.\n  <\/p>\n\n  <p style=\"font-size: 17px; color: #4b5563; line-height: 1.7; margin-bottom: 35px;\">\n    Te recomendamos utilizar una contrase\u00f1a segura para proteger tu cuenta.\n  <\/p>\n\n  <p style=\"font-size: 17px; font-weight: 600; color: #111827; margin-bottom: 30px;\">\n    Muchas gracias.\n  <\/p>\n\n  <!-- FLECHA HACIA ABAJO -->\n  <div style=\"font-size: 50px; color: #1e3a8a; animation: bounce 2s infinite;\">\n    \u2193\n  <\/div>\n\n<\/div>\n\n<style>\n@keyframes bounce {\n  0%, 20%, 50%, 80%, 100% { transform: translateY(0); }\n  40% { transform: translateY(8px); }\n  60% { transform: translateY(4px); }\n}\n<\/style>\n\n\n\n<div class=\"learndash-wrap\"><div class=\"learndash-wrapper ld-registration__outer-wrapper\">\n\t<div class=\"learndash-registration-wrapper\" style=\"\" >\n\t\t<div\n\t\t\tclass=\"ld-registration__wrapper ld-registration__wrapper--login\"\n\t\t\tdata-js=\"learndash-view\"\n\t\t\tdata-learndash-breakpoints=\"{&quot;breakpoints&quot;:{&quot;mobile&quot;:375,&quot;tablet&quot;:420,&quot;extra-small&quot;:600,&quot;small&quot;:720,&quot;medium&quot;:960,&quot;large&quot;:1240,&quot;wide&quot;:1440}}\"\n\t\t\tdata-learndash-breakpoint-pointer=\"50cc1a1c-6d0c-4a7d-9cd0-ae5339cef375\"\n\t\t>\n\t\t\t<div class=\"ld-registration__form\">\n\t\t\t\t\n\t\t\t\t\n\t\t\t\t\t\t\t\t\t<div class=\"ld-registration__forgot-password-container\">\n\t\t\t\t\t\t<h2 class=\"ld-registration__heading\">\n\t\t\t\t\t\t\tForgot Password\t\t\t\t\t\t<\/h2>\n\t\t\t\t\t\t<form action=\"\" method=\"POST\" class=\"ld-form ld-registration__forgot-password-form\">\n\t\t\t\t\t\t\t<label for=\"user_login\">Username or Email Address *<\/label>\n\t\t\t\t\t\t\t<div class=\"ld-form__field-wrapper ld-form__field-user_login-wrapper\">\n\t\t\t\t\t\t\t\t<input\n\t\t\t\t\t\t\t\t\ttype=\"text\"\n\t\t\t\t\t\t\t\t\tname=\"user_login\"\n\t\t\t\t\t\t\t\t\tid=\"user_login\"\n\t\t\t\t\t\t\t\t\tautocapitalize=\"off\"\n\t\t\t\t\t\t\t\t\tautocomplete=\"off\"\n\t\t\t\t\t\t\t\t\tclass=\"ld-form__field ld-form__field-user_login\"\n\t\t\t\t\t\t\t\t\/>\n\t\t\t\t\t\t\t<\/div>\n\t\t\t\t\t\t\t<input type=\"hidden\" id=\"learndash-reset-password-form-nonce\" name=\"learndash-reset-password-form-nonce\" value=\"d295617ed1\" \/><input type=\"hidden\" name=\"_wp_http_referer\" value=\"\/index.php?rest_route=%2Fwp%2Fv2%2Fpages%2F44517\" \/>\t\t\t\t\t\t\t<input\n\t\t\t\t\t\t\t\ttype=\"submit\"\n\t\t\t\t\t\t\t\tvalue=\"Reset Password\"\n\t\t\t\t\t\t\t\tclass=\"button button-primary button-large wp-element-button\"\n\t\t\t\t\t\t\t\/>\n\t\t\t\t\t\t<\/form>\n\t\t\t\t\t<\/div>\n\t\t\t\t\t\t\t<\/div>\n\t\t<\/div>\n\t<\/div>\n<\/div>\n<script class=\"learndash-breakpoints\">\n\t( function () {\n\t\tlet completed = false;\n\n\t\t\/**\n\t\t * Initializes the LearnDash Breakpoints.\n\t\t *\n\t\t * @since 4.16.0\n\t\t *\/\n\t\tfunction initBreakpoints() {\n\t\t\tif ( completed ) {\n\t\t\t\t\/\/ This was fired already and completed no need to attach to the event listener.\n\t\t\t\tdocument.removeEventListener( 'DOMContentLoaded', initBreakpoints );\n\t\t\t\treturn;\n\t\t\t}\n\n\t\t\tif (\n\t\t\t\t'undefined' === typeof window.learndash ||\n\t\t\t\t'undefined' === typeof window.learndash.views ||\n\t\t\t\t'undefined' === typeof window.learndash.views.breakpoints ||\n\t\t\t\t'function' !== typeof (window.learndash.views.breakpoints.setup)\n\t\t\t) {\n\t\t\t\treturn;\n\t\t\t}\n\n\t\t\tconst container = document.querySelector(\n\t\t\t\t'[data-learndash-breakpoint-pointer=\"50cc1a1c-6d0c-4a7d-9cd0-ae5339cef375\"]'\n\t\t\t);\n\n\t\t\tif ( ! container ) {\n\t\t\t\treturn;\n\t\t\t}\n\n\t\t\twindow.learndash.views.breakpoints.setup( container );\n\t\t\tcompleted = true;\n\t\t\t\/\/ This was fired already and completed no need to attach to the event listener.\n\t\t\tdocument.removeEventListener( 'DOMContentLoaded', initBreakpoints );\n\t\t}\n\n\t\t\/\/ Try to init the breakpoints right away.\n\t\tinitBreakpoints();\n\t\tdocument.addEventListener( 'DOMContentLoaded', initBreakpoints );\n\t})();\n<\/script>\n<\/div>","protected":false},"excerpt":{"rendered":"<p>\u00bfHas olvidado tu contrase\u00f1a? No te preocupes. Sigue los pasos que encontrar\u00e1s m\u00e1s abajo para cambiar tu contrase\u00f1a y recuperar el acceso a tu cuenta. Te recomendamos utilizar una contrase\u00f1a segura para proteger tu cuenta. Muchas gracias. \u2193<\/p>\n","protected":false},"author":1,"featured_media":0,"parent":0,"menu_order":0,"comment_status":"closed","ping_status":"closed","template":"","meta":{"pmpro_default_level":"","_kad_post_transparent":"","_kad_post_title":"","_kad_post_layout":"","_kad_post_sidebar_id":"","_kad_post_content_style":"","_kad_post_vertical_padding":"","_kad_post_feature":"","_kad_post_feature_position":"","_kad_post_header":false,"_kad_post_footer":false,"_kad_post_classname":"","footnotes":""},"class_list":["post-44517","page","type-page","status-publish","hentry","pmpro-has-access"],"_links":{"self":[{"href":"https:\/\/app.ediara.com\/index.php?rest_route=\/wp\/v2\/pages\/44517","targetHints":{"allow":["GET"]}}],"collection":[{"href":"https:\/\/app.ediara.com\/index.php?rest_route=\/wp\/v2\/pages"}],"about":[{"href":"https:\/\/app.ediara.com\/index.php?rest_route=\/wp\/v2\/types\/page"}],"author":[{"embeddable":true,"href":"https:\/\/app.ediara.com\/index.php?rest_route=\/wp\/v2\/users\/1"}],"replies":[{"embeddable":true,"href":"https:\/\/app.ediara.com\/index.php?rest_route=%2Fwp%2Fv2%2Fcomments&post=44517"}],"version-history":[{"count":1,"href":"https:\/\/app.ediara.com\/index.php?rest_route=\/wp\/v2\/pages\/44517\/revisions"}],"predecessor-version":[{"id":45418,"href":"https:\/\/app.ediara.com\/index.php?rest_route=\/wp\/v2\/pages\/44517\/revisions\/45418"}],"wp:attachment":[{"href":"https:\/\/app.ediara.com\/index.php?rest_route=%2Fwp%2Fv2%2Fmedia&parent=44517"}],"curies":[{"name":"wp","href":"https:\/\/api.w.org\/{rel}","templated":true}]}}